 greatest common factor of h and 9.
9
Suppose 1496 = -11*v + 2156. Let y = 1 - -3. Let j be (8/5)/(y/50). Calculate the highest common factor of v and j.
20
Let n be (2 + 55)*(91 - 81). What is the highest common factor of n and 24?
6
Let j = 5 + 32. Suppose -s + 48 = -j. Let o be (1*-34)/(1 + -3). Calculate the highest common divisor of s and o.
17
Let r be ((-72)/(-21))/(5*(-2)/(-840)). Calculate the highest common divisor of r and 18.
18
Let f be (21/(-9) - 2)/((-4)/84). Calculate the highest common divisor of f and 13.
13
Let b be 3/(0 - (-6)/74). Let a = b - -3. Suppose 15 = 4*y - 25. What is the greatest common divisor of y and a?
10
Suppose -i + 2*y + 102 = 0, -3*y = 4*i - 8*i + 403. What is the greatest common divisor of 20 and i?
20
Let z(d) = d**3 - 18*d**2 - 33*d - 20. Let k be z(20). What is the greatest common divisor of 216 and k?
24
Let p be (156/24)/((8/4)/4). Let h = 113 + -74. What is the greatest common divisor of p and h?
13
Let s be (-110)/((8 + -9)*2). What is the greatest common divisor of s and 100?
5
Let n = -292 - -327. Calculate the greatest common factor of n and 140.
35
Suppose -6*r = -4*r - 44. Let g = 5 - 11. Let b = r + g. What is the greatest common divisor of b and 32?
16
Let d be 7*(2 - 3) - -4. Let a be 1 + -1*d*323. Suppose 4*i = -i - 4*j + 972, 5*i + 5*j = a. What is the highest common factor of i and 28?
28
Let u(c) = -c**3 - 4*c**2 + 2*c + 7. Let w be u(-4). Let t be -3*(w - 1) - -3. Let v = t - -9. What is the highest common divisor of v and 90?
18
Suppose 2*w - 48 = -0*w - 4*z, 0 = -3*w + 2*z + 32. What is the greatest common divisor of w and 112?
14
Let l(z) be the second derivative of -z**3/3 + z**2 + 30*z. Let q be l(-3). Calculate the greatest common divisor of 24 and q.
8
Let w = -236 + 262. Calculate the highest common factor of w and 130.
26
Suppose 5*d = -0*d + 200. Suppose -5*y + 272 = 3*g + 122, -60 = -2*y + 5*g. What is the highest common factor of d and y?
10
Let t = -3 - -6. Let r(n) = -t*n + 3*n + n + n + n**2 + 4. Let q be r(-4). What is the highest common factor of 8 and q?
4
Let x(c) = 4*c**2 - 1. Let z be x(-1). Suppose 32 = z*i - 16. Calculate the greatest common divisor of i and 128.
16
Let l(m) = m**2 + 14*m + 1. Let d be l(-14). Let q be (4 + -2 + 1)*d*5. Let y = 46 - 31. Calculate the greatest common factor of y and q.
15
Suppose 4*q - 96 - 60 = 0. Let c = 48 - q. What is the greatest common divisor of 153 and c?
9
Suppose -3*i - 34 = -u, -i + 25 = 4*i. What is the highest common divisor of 49 and u?
49
Suppose -c + 23 = 3*x - 2*c, 0 = -c + 4. Let q(b) = b - 7. Let r be q(0). Let p = r + x. What is the greatest common divisor of p and 6?
2
Suppose -2*i + 4*b = -614, 4*i - b - 1033 - 230 = 0. Suppose 0 = 6*g - i - 43. Calculate the greatest common factor of g and 12.
12
Let u = -28 - -36. Suppose -8 = -4*j + u, 2*x = -j + 28. What is the greatest common divisor of x and 12?
12
Let a = -21 - -28. Calculate the highest common divisor of 133 and a.
7
Let r be ((-45)/75)/((-1)/95). Suppose -3*n = -5*c + 89, -50 = -3*c + n + 5. Calculate the highest common divisor of c and r.
19
Suppose 0 = -20*d - 913 + 4613. Calculate the greatest common factor of d and 15.
5
Let h(k) = -k**2 + 13*k - 12. Suppose 3*l = -l + 48. Let p be h(l). Let y be (6/5 + p)*10. Calculate the highest common divisor of y and 12.
12
Suppose -40*k = -21*k - 228. Suppose -4 = -4*h - 4*g + 8, -2*g + 4 = 4*h. Let r be 1 + 59*(-1)/h. Calculate the greatest common factor of r and k.
12
Suppose -1486 = 5*j - 2686. What is the highest common factor of j and 336?
48
Suppose 3 + 3 = -2*v, -18 = -2*g + 4*v. Suppose g*j + 2*n - 145 = 3*n, -2*j - 5*n + 108 = 0. What is the greatest common factor of 7 and j?
7
Suppose 30*t - 16 = 14. Calculate the greatest common factor of t and 173.
1
Let x be 63/12*-12*8. Let t be (x/(-49))/((-1)/(-7)). Calculate the greatest common divisor of 9 and t.
9
Let q(h) = -27*h**2 + 12*h**2 - 13*h + 13*h**2 - 4. Let o be q(-5). What is the greatest common factor of 22 and o?
11
Suppose -5*h - 155 = -3*d, 2*d - 3*h + 123 = 5*d. Calculate the highest common divisor of d and 27.
9
Suppose 8*s - 36 = 4*s. Let v be (27/s + 24/(-10))*10. Calculate the highest common factor of v and 3.
3
Suppose -581 + 29 = -6*x. What is the greatest common divisor of x and 322?
46
Suppose 0 = -6*l + 2772 - 2604. What is the greatest common divisor of l and 1988?
28
Suppose 2*x - 6*x = 0. Suppose x = -3*o + 9*o - 234. What is the greatest common factor of o and 26?
13
Suppose -5*p + 57 = 2*i, 3*p = 4*i - 73 + 24. Let a(u) = -4*u**2 + 2*u - 3 + u + u**3 - 1 - 4*u. Let v be a(5). What is the greatest common divisor of v and i?
16
Let q be (56/(-10))/(1/(-5)). Suppose -2688 = -43*f + 19*f. Calculate the greatest common divisor of q and f.
28
Let g be -3 + 26 + -2 + -11. Let f be (1 + 1 - 5)/(-1). Suppose -5*t + f*w + 396 = 5, -5*t + 403 = w. Calculate the highest common factor of t and g.
10
Suppose -2*f + 9 = -3*r, 2 = -f - 9*r + 4*r. Suppose -d - d - 40 = -f*w, -5*w - 3*d = -54. What is the greatest common divisor of w and 30?
6
Let y = -416 + 648. What is the greatest common divisor of y and 8?
8
Let u = 145 - 12. Let j(n) = 87*n - 416. Let h be j(5). Calculate the greatest common divisor of h and u.
19
Let t = -22 - -29. Suppose t*c - 666 = -176. What is the highest common divisor of c and 28?
14
Let b(m) = m**3 + 8*m**2 + 12*m - 2. Let p be b(-4). What is the highest common divisor of p and 119?
7
Suppose -5*r + 5*p + 660 = -r, 495 = 3*r - 2*p. Let d be (-25)/(-1 + 0) + -4. Suppose -39 = -4*h + d. Calculate the highest common divisor of h and r.
15
Let k = -95 + 88. Let f = -1 - k. Calculate the highest common divisor of 66 and f.
6
Let v(p) be the second derivative of p**4/12 - 25*p**3/6 + 11*p**2 - 7*p. Let m be v(16). Let h = -45 - m. Calculate the highest common divisor of h and 7.
7
Let n = -90 + 162. Suppose -4*g + w = -n, 0 = g - 4*w - 18 - 0. Calculate the highest common factor of g and 9.
9
Suppose 0 = 3*z + s - 708, 4*z + 87*s = 89*s + 934. What is the greatest common divisor of z and 5?
5
Let n be -3 + (104 + -6)/7. What is the greatest common factor of 99 and n?
11
Let q = 26 - 7. Let h(b) = b**2 - 17*b + 17. Let y be h(q). Suppose -i - i + 10 = -5*j, j = 0. Calculate the greatest common factor of y and i.
5
Suppose 4*d = 1450 - 42. Calculate the greatest common factor of 22 and d.
22
Let d = -16 - -19. Suppose -d*m + 2 = -4. What is the greatest common factor of m and 14?
2
Suppose -5*v = 5*n - 1130, 38*n - 2*v = 37*n + 241. What is the highest common factor of n and 21?
21
Let b(l) = l**2 + 3*l + 14. Let p = 65 + -79. Let c be b(p). Calculate the highest common divisor of c and 21.
21
Suppose -2666*z - 2640 = -2678*z. What is the greatest common divisor of 66 and z?
22
Suppose 0 = -2*w - 0*w + 674. Let b = -169 + w. What is the highest common factor of b and 21?
21
Suppose -17 - 73 = -3*y. Suppose -3*q + 18 = -0*q. What is the highest common factor of y and q?
6
Let c(t) = 17*t + 235. Let m be c(-11). Calculate the highest common factor of m and 3216.
48
Let y be (14 - 13)/(((-28)/104)/(-7)). Calculate the greatest common factor of y and 650.
26
Let v = -177 - -216. Calculate the highest common factor of v and 1911.
39
Suppose 2*n - 7*n + 10 = 0, 4*r + 3*n = 10. Let a be 4 - 0 - (r + 1). Suppose g - 5 = -4*g. Calculate the greatest common divisor of a and g.
1
Suppose -2*x = -16 - 48. Suppose -6*y + x = -136. Calculate the highest common factor of y and 28.
28
Let y(g) = g - 12. Let k be y(13). Let s be 886/2 - (k - (-4 + 3)). What is the highest common divisor of s and 49?
49
Let a be 7 - -2 - 1/(3/(-6)). Calculate the highest common factor of a and 1.
1
Suppose -5 = m - 21. Let b be (-100)/(-26) - m/(-104). Calculate the greatest common divisor of 2 and b.
2
Let s(p) be the third derivative of p**5/10 + 9*p**2. Let y be s(4). What is the highest common divisor of y and 12?
12
Suppose -6*i + 177 - 87 = 0. What is the highest common divisor of 145 and i?
5
Suppose -9*i + 176 = -11*i. Let k = i - -158. Calculate the highest common divisor of k and 105.
35
Suppose p = 4*k + 6, -p + 3*k = -0*p - 11. Let g be 4572/p - (-1)/26*4. What is the greatest common factor of 22 and g?
22
Let v(y) be the first derivat